{"id":2575,"date":"2019-12-26T20:16:06","date_gmt":"2019-12-26T19:16:06","guid":{"rendered":"http:\/\/www.obeckatov.cz\/wp-content\/uploads\/2019\/12\/pl\u00e1n-obecn\u00edch-akc\u00ed-zima-2019.pdf"},"modified":"2019-12-26T20:16:06","modified_gmt":"2019-12-26T19:16:06","slug":"plan-obecnich-akci-zima-2019-3","status":"inherit","type":"attachment","link":"https:\/\/www.obeckatov.cz\/?attachment_id=2575","title":{"rendered":"pl\u00e1n obecn\u00edch akc\u00ed zima 2019"},"author":3,"featured_media":0,"comment_status":"closed","ping_status":"closed","template":"","meta":[],"class_list":["post-2575","attachment","type-attachment","status-inherit","hentry"],"description":{"rendered":""},"caption":{"rendered":""},"alt_text":"","media_type":"file","mime_type":"application\/pdf","media_details":{},"post":null,"source_url":"https:\/\/www.obeckatov.cz\/wp-content\/uploads\/2019\/12\/pl\u00e1n-obecn\u00edch-akc\u00ed-zima-2019.pdf","_links":{"self":[{"href":"https:\/\/www.obeckatov.cz\/index.php?rest_route=\/wp\/v2\/media\/2575","targetHints":{"allow":["GET"]}}],"collection":[{"href":"https:\/\/www.obeckatov.cz\/index.php?rest_route=\/wp\/v2\/media"}],"about":[{"href":"https:\/\/www.obeckatov.cz\/index.php?rest_route=\/wp\/v2\/types\/attachment"}],"author":[{"embeddable":true,"href":"https:\/\/www.obeckatov.cz\/index.php?rest_route=\/wp\/v2\/users\/3"}],"replies":[{"embeddable":true,"href":"https:\/\/www.obeckatov.cz\/index.php?rest_route=%2Fwp%2Fv2%2Fcomments&post=2575"}]}}

http://www.obeckatov.cz/wp-content/uploads/2019/12/plán-obecních-akcí-zima-2019.pdf

plán obecních akcí zima 2019

https://www.obeckatov.cz/wp-content/uploads/2019/12/plán-obecních-akcí-zima-2019.pdf
