{"id":26,"date":"2015-02-11T10:15:42","date_gmt":"2015-02-11T10:15:42","guid":{"rendered":"http:\/\/obeckatov.cz\/domains\/katov.in-progress.cz\/?page_id=26"},"modified":"2015-03-25T16:00:24","modified_gmt":"2015-03-25T15:00:24","slug":"odkazy","status":"publish","type":"page","link":"https:\/\/www.obeckatov.cz\/?page_id=26","title":{"rendered":"Odkazy"},"content":{"rendered":"<a href=\"https:\/\/portal.gov.cz\" target=\"_blank\">https:\/\/portal.gov.cz<\/a>\u00a0\u00a0\u00a0\u00a0\u00a0\u00a0\u00a0\u00a0\u00a0\u00a0\u00a0\u00a0\u00a0\u00a0\u00a0\u00a0\u00a0\u00a0\u00a0\u00a0 \u00a0Port\u00e1l ve\u0159ejn\u00e9 spr\u00e1vy\r\n\r\n<a href=\"http:\/\/www.musobeslav.cz\" target=\"_blank\">http:\/\/www.musobeslav.cz<\/a>\u00a0\u00a0\u00a0\u00a0\u00a0\u00a0\u00a0\u00a0\u00a0\u00a0 M\u011bsto Sob\u011bslav\r\n\r\n<a href=\"http:\/\/www.tucapy.cz\" target=\"_blank\">http:\/\/www.tucapy.cz<\/a>\u00a0\u00a0\u00a0\u00a0\u00a0\u00a0\u00a0\u00a0\u00a0\u00a0\u00a0\u00a0\u00a0\u00a0\u00a0\u00a0\u00a0\u00a0\u00a0\u00a0Obec Tu\u010dapy\r\n\r\n<a href=\"http:\/\/www.cuzk.cz\" target=\"_blank\">http:\/\/www.cuzk.cz<\/a>\u00a0\u00a0\u00a0\u00a0\u00a0\u00a0\u00a0\u00a0\u00a0\u00a0\u00a0\u00a0\u00a0\u00a0\u00a0\u00a0\u00a0\u00a0\u00a0\u00a0\u00a0\u00a0\u00a0\u00a0\u010cesk\u00fd \u00fa\u0159ad zem\u011bm\u011b\u0159i\u010dsk\u00fd a katastr\u00e1ln\u00ed\r\n\r\n&nbsp;\r\n\r\n<a href=\"http:\/\/cs.wikipedia.org\" target=\"_blank\">http:\/\/cs.wikipedia.org<\/a>\u00a0\u00a0\u00a0\u00a0\u00a0\u00a0\u00a0\u00a0\u00a0\u00a0\u00a0\u00a0\u00a0\u00a0\u00a0\u00a0\u00a0\u00a0 Internetov\u00e1 encyklopedie\r\n\r\n<a href=\"http:\/\/jizdnirady.idnes.cz\" target=\"_blank\">http:\/\/jizdnirady.idnes.cz<\/a>\u00a0\u00a0\u00a0\u00a0\u00a0\u00a0\u00a0\u00a0\u00a0\u00a0\u00a0\u00a0\u00a0\u00a0 Ve\u0159ejn\u00fd j\u00edzdn\u00ed \u0159\u00e1d\r\n\r\n<a href=\"http:\/\/www.chmi.cz\" target=\"_blank\">http:\/\/www.chmi.cz<\/a>\u00a0\u00a0\u00a0\u00a0\u00a0\u00a0\u00a0\u00a0\u00a0\u00a0\u00a0\u00a0\u00a0\u00a0\u00a0\u00a0\u00a0\u00a0\u00a0\u00a0\u00a0\u00a0\u00a0\u00a0\u010cesk\u00fd hydrometeorologick\u00fd \u00fastav\r\n\r\n<a href=\"http:\/\/taborsky.denik.cz\" target=\"_blank\">http:\/\/taborsky.denik.cz<\/a>\u00a0\u00a0\u00a0\u00a0\u00a0\u00a0\u00a0\u00a0\u00a0\u00a0\u00a0\u00a0\u00a0\u00a0\u00a0\u00a0\u00a0T\u00e1borsk\u00fd den\u00edk\r\n\r\n&nbsp;\r\n\r\n&nbsp;\r\n\r\n&nbsp;\r\n\r\n&nbsp;","protected":false},"excerpt":{"rendered":"<p>https:\/\/portal.gov.cz\u00a0\u00a0\u00a0\u00a0\u00a0\u00a0\u00a0\u00a0\u00a0\u00a0\u00a0\u00a0\u00a0\u00a0\u00a0\u00a0\u00a0\u00a0\u00a0\u00a0 \u00a0Port\u00e1l ve\u0159ejn\u00e9 spr\u00e1vy http:\/\/www.musobeslav.cz\u00a0\u00a0\u00a0\u00a0\u00a0\u00a0\u00a0\u00a0\u00a0\u00a0 M\u011bsto Sob\u011bslav http:\/\/www.tucapy.cz\u00a0\u00a0\u00a0\u00a0\u00a0\u00a0\u00a0\u00a0\u00a0\u00a0\u00a0\u00a0\u00a0\u00a0\u00a0\u00a0\u00a0\u00a0\u00a0\u00a0Obec Tu\u010dapy http:\/\/www.cuzk.cz\u00a0\u00a0\u00a0\u00a0\u00a0\u00a0\u00a0\u00a0\u00a0\u00a0\u00a0\u00a0\u00a0\u00a0\u00a0\u00a0\u00a0\u00a0\u00a0\u00a0\u00a0\u00a0\u00a0\u00a0\u010cesk\u00fd \u00fa\u0159ad zem\u011bm\u011b\u0159i\u010dsk\u00fd a katastr\u00e1ln\u00ed &nbsp; http:\/\/cs.wikipedia.org\u00a0\u00a0\u00a0\u00a0\u00a0\u00a0\u00a0\u00a0\u00a0\u00a0\u00a0\u00a0\u00a0\u00a0\u00a0\u00a0\u00a0\u00a0 Internetov\u00e1 encyklopedie http:\/\/jizdnirady.idnes.cz\u00a0\u00a0\u00a0\u00a0\u00a0\u00a0\u00a0\u00a0\u00a0\u00a0\u00a0\u00a0\u00a0\u00a0 Ve\u0159ejn\u00fd j\u00edzdn\u00ed \u0159\u00e1d http:\/\/www.chmi.cz\u00a0\u00a0\u00a0\u00a0\u00a0\u00a0\u00a0\u00a0\u00a0\u00a0\u00a0\u00a0\u00a0\u00a0\u00a0\u00a0\u00a0\u00a0\u00a0\u00a0\u00a0\u00a0\u00a0\u00a0\u010cesk\u00fd hydrometeorologick\u00fd \u00fastav http:\/\/taborsky.denik.cz\u00a0\u00a0\u00a0\u00a0\u00a0\u00a0\u00a0\u00a0\u00a0\u00a0\u00a0\u00a0\u00a0\u00a0\u00a0\u00a0\u00a0T\u00e1borsk\u00fd den\u00edk &nbsp; &nbsp; &nbsp; &nbsp;<\/p>\n","protected":false},"author":1,"featured_media":0,"parent":0,"menu_order":20,"comment_status":"closed","ping_status":"closed","template":"page-nosidebar.php","meta":{"footnotes":""},"class_list":["post-26","page","type-page","status-publish","hentry"],"_links":{"self":[{"href":"https:\/\/www.obeckatov.cz\/index.php?rest_route=\/wp\/v2\/pages\/26","targetHints":{"allow":["GET"]}}],"collection":[{"href":"https:\/\/www.obeckatov.cz\/index.php?rest_route=\/wp\/v2\/pages"}],"about":[{"href":"https:\/\/www.obeckatov.cz\/index.php?rest_route=\/wp\/v2\/types\/page"}],"author":[{"embeddable":true,"href":"https:\/\/www.obeckatov.cz\/index.php?rest_route=\/wp\/v2\/users\/1"}],"replies":[{"embeddable":true,"href":"https:\/\/www.obeckatov.cz\/index.php?rest_route=%2Fwp%2Fv2%2Fcomments&post=26"}],"version-history":[{"count":8,"href":"https:\/\/www.obeckatov.cz\/index.php?rest_route=\/wp\/v2\/pages\/26\/revisions"}],"predecessor-version":[{"id":549,"href":"https:\/\/www.obeckatov.cz\/index.php?rest_route=\/wp\/v2\/pages\/26\/revisions\/549"}],"wp:attachment":[{"href":"https:\/\/www.obeckatov.cz\/index.php?rest_route=%2Fwp%2Fv2%2Fmedia&parent=26"}],"curies":[{"name":"wp","href":"https:\/\/api.w.org\/{rel}","templated":true}]}}